{"id":991,"date":"2025-05-10T09:29:26","date_gmt":"2025-05-10T08:29:26","guid":{"rendered":"https:\/\/www.hundesportverein-brake.de\/?page_id=991"},"modified":"2025-06-08T19:27:09","modified_gmt":"2025-06-08T18:27:09","slug":"luftgewehr-und-luftpistole","status":"publish","type":"page","link":"https:\/\/www.elsflether-schuetzenverein.de\/?page_id=991","title":{"rendered":"Luftgewehr und Luftpistole"},"content":{"rendered":"<h3><span class=\"xr_tl Normal_text xr_s109\">Schie\u00dfen mit dem Luftgewehr!<\/span><\/h3>\n<p><span class=\"xr_tl Normal_text xr_s110\">Luftgewehrschie\u00dfen bietet eine optimale M\u00f6glichkeit,\u00a0<\/span><span class=\"xr_tl Normal_text xr_s110\">seine Konzentrationsf\u00e4higkeit zu steigern. Der Sch\u00fctze\u00a0<\/span><span class=\"xr_tl Normal_text xr_s110\">steht beim Schuss 10 Meter von der Zielscheibe\u00a0<\/span><span class=\"xr_tl Normal_text xr_s110\">entfernt und muss m\u00f6glichst genau in die Mitte, also ins\u00a0<\/span><span class=\"xr_tl Normal_text xr_s110\">Schwarze der Scheibe treffen. Der Durchmesser der \u201eZehn\u201c betr\u00e4gt 0,5 mm. Dazu zielt er oder sie mit Hilfe\u00a0<\/span><span class=\"xr_tl Normal_text xr_s110\">eines Diopters und eines Korntunnels und l\u00f6st den Schuss durch das Dr\u00fccken des leichtg\u00e4ngigen Abzuges\u00a0<\/span><span class=\"xr_tl Normal_text xr_s110\">aus. Besonders wichtig ist dabei eine ruhige Hand und Konzentrationsverm\u00f6gen des Sch\u00fctzen. Bis zum\u00a0<\/span><span class=\"xr_tl Normal_text xr_s110\">Alter von 45 Jahren wird Luftgewehr grunds\u00e4tzlich stehend freih\u00e4ndig geschossen, wobei der Sch\u00fctze ohne\u00a0<\/span><span class=\"xr_tl Normal_text xr_s110\">Anlehnung und k\u00fcnstliche St\u00fctzen stehen muss. Ab 46 Jahren wird bei uns das Schie\u00dfen mit einem\u00a0<\/span><span class=\"xr_tl Normal_text xr_s110\">aufgelegten Luftgewehr angeboten. Die Regeln daf\u00fcr hat der Deutsche Sch\u00fctzenbund 2005 in die\u00a0<\/span><span class=\"xr_tl Normal_text xr_s110\">Sportordnung aufgenommen.\u00a0<\/span><span class=\"xr_tl Normal_text xr_s110\">All das fordert vor allem mentale St\u00e4rke und Zielgenauigkeit.<\/span><\/p>\n<p><span class=\"xr_tl Normal_text xr_s109\">Sportger\u00e4t:\u00a0<\/span><span class=\"xr_tl Normal_text xr_s110\">Luftdruckgewehre und Pressluftgewehre Kaliber 4,5 mm und einem H\u00f6chstgewicht von 5,5 kg<\/span><\/p>\n<p><span class=\"xr_tl Normal_text xr_s109\">Munition:\u00a0<\/span><span class=\"xr_tl Normal_text xr_s110\">Handels\u00fcbliche Geschosse (Diabolo) im Kaliber von maximal 4,5 mm<\/span><\/p>\n<p><span class=\"xr_tl Normal_text xr_s109\">Scheiben:\u00a0<\/span><span class=\"xr_tl Normal_text xr_s110\">Durchmesser der 10 = 0,5 mm, Ringabstand = jeweils 2,5 mm<\/span><\/p>\n<p><span class=\"xr_tl Normal_text xr_s109\">Entfernung:\u00a0<\/span><span class=\"xr_tl Normal_text xr_s110\">10 m<\/span><\/p>\n\n<h3><span class=\"xr_tl Normal_text xr_s109\">Schie\u00dfen mit der Luftpistole!<\/span><\/h3>\n<p><span class=\"xr_tl Normal_text xr_s110\">Das Luftpistolenschie\u00dfen ist eine Schie\u00dfsportart, bei der mit einer\u00a0<\/span><span class=\"xr_tl Normal_text xr_s110\">Luftpistole auf eine Schie\u00dfscheibe geschossen wird. Diese kann\u00a0<\/span><span class=\"xr_tl Normal_text xr_s110\">entweder die Luft durch einen Spannhebelmechanismus oder aber mit\u00a0<\/span><span class=\"xr_tl Normal_text xr_s110\">Pressluftkartuschen funktionieren. Wie beim Luftgewehr wird\u00a0<\/span><span class=\"xr_tl Normal_text xr_s110\">handels\u00fcbliche Munition (Diabolo) mit Kaliber bis maximal 4,5 mm bis\u00a0<\/span><span class=\"xr_tl Normal_text xr_s110\">7,5 Joule benutzt. <\/span><span class=\"xr_tl Normal_text xr_s110\">Beim Schie\u00dfen mit der Luftpistole steht der Sch\u00fctze nicht frontal zur Scheibe, sondern etwas seitlich\u00a0<\/span><span class=\"xr_tl Normal_text xr_s110\">gedreht. Die neuere Methode jedoch besagt, dass der Sch\u00fctze in einem 90\u00b0 Winkel zur Scheibe stehen soll.\u00a0<\/span><span class=\"xr_tl Normal_text xr_s110\">Die Luftpistole wird mit ausgestrecktem Arm und nur mit einer Hand gehalten. <\/span><span class=\"xr_tl Normal_text xr_s110\">Gezielt wird \u00fcber Kimme und Korn. Die Entfernung zur Scheibe betr\u00e4gt wie beim Luftgewehrschie\u00dfen 10\u00a0<\/span><span class=\"xr_tl Normal_text xr_s110\">Meter, aber der Zehner-Ring f\u00e4llt mit 11,5 Millimetern Durchmesser deutlich gr\u00f6\u00dfer aus. Um den Abzug\u00a0<\/span><span class=\"xr_tl Normal_text xr_s110\">auszul\u00f6sen, muss ein Gewicht von mindestens 500 Gramm \u00fcberwunden werden, was es nicht gerade\u00a0<\/span><span class=\"xr_tl Normal_text xr_s110\">einfacher macht, die Pistole \u00fcber die gesamte Wettkampfl\u00e4nge von 40 Schuss ruhig und sauber im Ziel zu\u00a0<\/span><span class=\"xr_tl Normal_text xr_s110\">halten.<\/span><\/p>\n<p><span class=\"xr_tl Normal_text xr_s111\"><span class=\"Normal_text xr_s109\">Sportger\u00e4t:<\/span><span class=\"Normal_text xr_s110\">\u00a0Luft- oder Pressluftpistolen jeder Art Kaliber 4,5 mm. Die \u00e4u\u00dferen Ma\u00dfe d\u00fcrfen 200 mm H\u00f6he,\u00a0<\/span><\/span><span class=\"xr_tl Normal_text xr_s110\">420 mm L\u00e4nge und 50 mm Breite nicht \u00fcberschreiten. Gewicht maximal 1,5 kg inkl. Laufbeschwerung.\u00a0<\/span><span class=\"xr_tl Normal_text xr_s110\">Abzugsgewicht mindestens 500 g<\/span><\/p>\n<p><span class=\"xr_tl Normal_text xr_s111\"><span class=\"Normal_text xr_s109\">Munition:\u00a0<\/span><span class=\"Normal_text xr_s110\">Handels\u00fcbliche Geschosse beliebiger Form im Kaliber von maximal 4,5 mm<\/span><\/span><\/p>\n<p><span class=\"xr_tl Normal_text xr_s111\"><span class=\"Normal_text xr_s109\">Scheiben:\u00a0<\/span><span class=\"Normal_text xr_s110\">Durchmesser der 10 = 11,5 mm, der Ringe 1 bis 9 = je 8 mm<\/span><\/span><span class=\"xr_tl Normal_text xr_s111\"><span class=\"Normal_text xr_s109\">Entfernung:<\/span><span class=\"Normal_text xr_s110\">\u00a010 m<\/span><\/span><\/p>\n\n\n<div class=\"wp-block-file\"><a id=\"wp-block-file--media-43fe039d-40be-4b9b-a47e-17becd6742d6\" href=\"https:\/\/www.elsflether-schuetzenverein.de\/wp-content\/uploads\/2025\/06\/dsb-lehrmappe_gewehr-pistole_aktualisierungen_2020.pdf\">dsb-lehrmappe_gewehr-pistole_aktualisierungen_2020<\/a><a href=\"https:\/\/www.elsflether-schuetzenverein.de\/wp-content\/uploads\/2025\/06\/dsb-lehrmappe_gewehr-pistole_aktualisierungen_2020.pdf\" class=\"wp-block-file__button wp-element-button\" download aria-describedby=\"wp-block-file--media-43fe039d-40be-4b9b-a47e-17becd6742d6\">Herunterladen<\/a><\/div>\n","protected":false},"excerpt":{"rendered":"<p>Schie\u00dfen mit dem Luftgewehr! Luftgewehrschie\u00dfen bietet eine optimale M\u00f6glichkeit,\u00a0seine Konzentrationsf\u00e4higkeit zu steigern. Der Sch\u00fctze\u00a0steht beim Schuss 10 Meter von der Zielscheibe\u00a0entfernt und muss m\u00f6glichst genau in die Mitte, also ins\u00a0Schwarze der Scheibe treffen. Der Durchmesser der \u201eZehn\u201c betr\u00e4gt 0,5 mm. Dazu zielt er oder sie mit Hilfe\u00a0eines Diopters und eines&#8230; <a class=\"continue-reading-link\" href=\"https:\/\/www.elsflether-schuetzenverein.de\/?page_id=991\">mehr lesen <span class=\"meta-nav\">&rarr; <\/span><\/a><\/p>\n","protected":false},"author":1,"featured_media":0,"parent":987,"menu_order":2,"comment_status":"closed","ping_status":"closed","template":"","meta":{"footnotes":""},"class_list":["post-991","page","type-page","status-publish","hentry"],"_links":{"self":[{"href":"https:\/\/www.elsflether-schuetzenverein.de\/index.php?rest_route=\/wp\/v2\/pages\/991","targetHints":{"allow":["GET"]}}],"collection":[{"href":"https:\/\/www.elsflether-schuetzenverein.de\/index.php?rest_route=\/wp\/v2\/pages"}],"about":[{"href":"https:\/\/www.elsflether-schuetzenverein.de\/index.php?rest_route=\/wp\/v2\/types\/page"}],"author":[{"embeddable":true,"href":"https:\/\/www.elsflether-schuetzenverein.de\/index.php?rest_route=\/wp\/v2\/users\/1"}],"replies":[{"embeddable":true,"href":"https:\/\/www.elsflether-schuetzenverein.de\/index.php?rest_route=%2Fwp%2Fv2%2Fcomments&post=991"}],"version-history":[{"count":4,"href":"https:\/\/www.elsflether-schuetzenverein.de\/index.php?rest_route=\/wp\/v2\/pages\/991\/revisions"}],"predecessor-version":[{"id":1345,"href":"https:\/\/www.elsflether-schuetzenverein.de\/index.php?rest_route=\/wp\/v2\/pages\/991\/revisions\/1345"}],"up":[{"embeddable":true,"href":"https:\/\/www.elsflether-schuetzenverein.de\/index.php?rest_route=\/wp\/v2\/pages\/987"}],"wp:attachment":[{"href":"https:\/\/www.elsflether-schuetzenverein.de\/index.php?rest_route=%2Fwp%2Fv2%2Fmedia&parent=991"}],"curies":[{"name":"wp","href":"https:\/\/api.w.org\/{rel}","templated":true}]}}