{"id":1419,"date":"2025-07-23T16:46:41","date_gmt":"2025-07-23T15:46:41","guid":{"rendered":"https:\/\/www.elsflether-schuetzenverein.de\/?page_id=1419"},"modified":"2026-03-31T16:04:50","modified_gmt":"2026-03-31T15:04:50","slug":"schuetzenfest-2025","status":"publish","type":"page","link":"https:\/\/www.elsflether-schuetzenverein.de\/?page_id=1419","title":{"rendered":"Sch\u00fctzenfest 2025"},"content":{"rendered":"<p>Der Elsflether Sch\u00fctzenverein von 1864 feierte am Sonnabend im Sch\u00fctzenhaus sein Sch\u00fctzenfest. Der stellvertretende Vorsitzende des Elsflether Sch\u00fctzenverein, Jens Spille, konnte am Sonnabend auch Abordnungen der Sch\u00fctzenverein Oberhammelwarden, Boitwarden, Moorriem, Altenhuntorf, des Braker Sch\u00fctzenverein und des Sportsch\u00fctzenvereins Weserdeich begr\u00fc\u00dfen.<\/p>\n<p><img loading=\"lazy\" decoding=\"async\" class=\"aligncenter wp-image-1422 size-large\" src=\"https:\/\/www.elsflether-schuetzenverein.de\/wp-content\/uploads\/2025\/07\/SV-Elsfleth-Schuetzenfest-Koenigshaus-2025-1024x632.jpg\" alt=\"\" width=\"870\" height=\"537\" srcset=\"https:\/\/www.elsflether-schuetzenverein.de\/wp-content\/uploads\/2025\/07\/SV-Elsfleth-Schuetzenfest-Koenigshaus-2025-1024x632.jpg 1024w, https:\/\/www.elsflether-schuetzenverein.de\/wp-content\/uploads\/2025\/07\/SV-Elsfleth-Schuetzenfest-Koenigshaus-2025-300x185.jpg 300w, https:\/\/www.elsflether-schuetzenverein.de\/wp-content\/uploads\/2025\/07\/SV-Elsfleth-Schuetzenfest-Koenigshaus-2025-768x474.jpg 768w, https:\/\/www.elsflether-schuetzenverein.de\/wp-content\/uploads\/2025\/07\/SV-Elsfleth-Schuetzenfest-Koenigshaus-2025-150x93.jpg 150w, https:\/\/www.elsflether-schuetzenverein.de\/wp-content\/uploads\/2025\/07\/SV-Elsfleth-Schuetzenfest-Koenigshaus-2025-243x150.jpg 243w, https:\/\/www.elsflether-schuetzenverein.de\/wp-content\/uploads\/2025\/07\/SV-Elsfleth-Schuetzenfest-Koenigshaus-2025.jpg 1487w\" sizes=\"auto, (max-width: 870px) 100vw, 870px\" \/><\/p>\n<p>Schie\u00dfsportleiter Thomas Wagenaar proklamierte, nach dem Ehrentanz des scheidenden K\u00f6nigshauses, das neue K\u00f6nigshaus 2025. Sch\u00fctzenk\u00f6nigin wurde Jana Baumann, Sch\u00fctzenk\u00f6nig Thomas Wagenaar. Zum K\u00f6nigshaus geh\u00f6ren zudem die 1. Hofdame Heidi March, der 1. Ritter Thoralf Daniel, die 2. Hofdame Michaela Ohlrogge und der 2. Ritter Jens Spille.<\/p>\n<p>Sieger beim Schuss auf die Ehrenscheibe wurde Michaela Spille, die auch den Titel Meisterin am Bogen erhielt. Meister am Bogen wurde Thoralf Daniel und Jugendmeister Leon Ohlrogge.<\/p>\n<h6 class=\"wp-block-image size-large\" style=\"text-align: center;\"><img loading=\"lazy\" decoding=\"async\" class=\"aligncenter wp-image-25131\" src=\"https:\/\/wesermarsch-aktuell.de\/wp-content\/uploads\/2025\/07\/SV-Elsfleth-Schuetzenfest-Ehrungen-1024x489.jpg\" sizes=\"auto, (max-width: 1024px) 100vw, 1024px\" srcset=\"https:\/\/wesermarsch-aktuell.de\/wp-content\/uploads\/2025\/07\/SV-Elsfleth-Schuetzenfest-Ehrungen-1024x489.jpg 1024w, https:\/\/wesermarsch-aktuell.de\/wp-content\/uploads\/2025\/07\/SV-Elsfleth-Schuetzenfest-Ehrungen-300x143.jpg 300w, https:\/\/wesermarsch-aktuell.de\/wp-content\/uploads\/2025\/07\/SV-Elsfleth-Schuetzenfest-Ehrungen-768x367.jpg 768w, https:\/\/wesermarsch-aktuell.de\/wp-content\/uploads\/2025\/07\/SV-Elsfleth-Schuetzenfest-Ehrungen-1536x733.jpg 1536w, https:\/\/wesermarsch-aktuell.de\/wp-content\/uploads\/2025\/07\/SV-Elsfleth-Schuetzenfest-Ehrungen-1700x812.jpg 1700w, https:\/\/wesermarsch-aktuell.de\/wp-content\/uploads\/2025\/07\/SV-Elsfleth-Schuetzenfest-Ehrungen-1400x669.jpg 1400w, https:\/\/wesermarsch-aktuell.de\/wp-content\/uploads\/2025\/07\/SV-Elsfleth-Schuetzenfest-Ehrungen-1100x525.jpg 1100w, https:\/\/wesermarsch-aktuell.de\/wp-content\/uploads\/2025\/07\/SV-Elsfleth-Schuetzenfest-Ehrungen-800x382.jpg 800w, https:\/\/wesermarsch-aktuell.de\/wp-content\/uploads\/2025\/07\/SV-Elsfleth-Schuetzenfest-Ehrungen-20x10.jpg 20w, https:\/\/wesermarsch-aktuell.de\/wp-content\/uploads\/2025\/07\/SV-Elsfleth-Schuetzenfest-Ehrungen.jpg 1935w\" alt=\"\" width=\"883\" height=\"421\" \/><\/h6>\n<p>Im Laufe des Abends nahm Jens Spille Ehrungen langj\u00e4hriger Mitglieder vor. Aus dem Jahr 2022 wurden Ehrungen nachgeholt: Markus Heidenreich (25 Jahre), Lutz-Rainer Gebken, Birgit Gilster und Gustav Herren (jeweils 40 Jahre) und Rita Schmidt (50 Jahre). Vom OSB wurde Heinz Dittmann (aus dem Jahr 2024) f\u00fcr seine 60-j\u00e4hrige Mitgliedschaft geehrt.<\/p>\n<p>Nachgeholt wurden auch die Ehrungen aus dem Jahr 2024: Kurt von den Benken (10 Jahre), Thoralf Daniel (20 Jahre), Theda Lehmann und Hans-Dieter Ohlhoff (30 Jahre) sowie Heinz Dittmann (60 Jahre).<\/p>\n<p>Die Jubilare aus diesem Jahr sind: Raphael Bellmann, Jonas Schmidt (10 Jahre), Christian Thiel (20 Jahre) und Rita Majewski (30 Jahre). Nach dem offiziellen Teil feierten die Elsflether Sch\u00fctzen noch lange mit ihren G\u00e4sten weiter.<\/p>\n","protected":false},"excerpt":{"rendered":"<p>Der Elsflether Sch\u00fctzenverein von 1864 feierte am Sonnabend im Sch\u00fctzenhaus sein Sch\u00fctzenfest. Der stellvertretende Vorsitzende des Elsflether Sch\u00fctzenverein, Jens Spille, konnte am Sonnabend auch Abordnungen der Sch\u00fctzenverein Oberhammelwarden, Boitwarden, Moorriem, Altenhuntorf, des Braker Sch\u00fctzenverein und des Sportsch\u00fctzenvereins Weserdeich begr\u00fc\u00dfen. Schie\u00dfsportleiter Thomas Wagenaar proklamierte, nach dem Ehrentanz des scheidenden K\u00f6nigshauses, das&#8230; <a class=\"continue-reading-link\" href=\"https:\/\/www.elsflether-schuetzenverein.de\/?page_id=1419\">mehr lesen <span class=\"meta-nav\">&rarr; <\/span><\/a><\/p>\n","protected":false},"author":1,"featured_media":0,"parent":1567,"menu_order":3,"comment_status":"closed","ping_status":"closed","template":"","meta":{"footnotes":""},"class_list":["post-1419","page","type-page","status-publish","hentry"],"_links":{"self":[{"href":"https:\/\/www.elsflether-schuetzenverein.de\/index.php?rest_route=\/wp\/v2\/pages\/1419","targetHints":{"allow":["GET"]}}],"collection":[{"href":"https:\/\/www.elsflether-schuetzenverein.de\/index.php?rest_route=\/wp\/v2\/pages"}],"about":[{"href":"https:\/\/www.elsflether-schuetzenverein.de\/index.php?rest_route=\/wp\/v2\/types\/page"}],"author":[{"embeddable":true,"href":"https:\/\/www.elsflether-schuetzenverein.de\/index.php?rest_route=\/wp\/v2\/users\/1"}],"replies":[{"embeddable":true,"href":"https:\/\/www.elsflether-schuetzenverein.de\/index.php?rest_route=%2Fwp%2Fv2%2Fcomments&post=1419"}],"version-history":[{"count":4,"href":"https:\/\/www.elsflether-schuetzenverein.de\/index.php?rest_route=\/wp\/v2\/pages\/1419\/revisions"}],"predecessor-version":[{"id":1427,"href":"https:\/\/www.elsflether-schuetzenverein.de\/index.php?rest_route=\/wp\/v2\/pages\/1419\/revisions\/1427"}],"up":[{"embeddable":true,"href":"https:\/\/www.elsflether-schuetzenverein.de\/index.php?rest_route=\/wp\/v2\/pages\/1567"}],"wp:attachment":[{"href":"https:\/\/www.elsflether-schuetzenverein.de\/index.php?rest_route=%2Fwp%2Fv2%2Fmedia&parent=1419"}],"curies":[{"name":"wp","href":"https:\/\/api.w.org\/{rel}","templated":true}]}}