{"id":1086,"date":"2025-05-12T19:27:25","date_gmt":"2025-05-12T18:27:25","guid":{"rendered":"https:\/\/www.elsflether-schuetzenverein.de\/?page_id=1086"},"modified":"2025-06-09T10:28:51","modified_gmt":"2025-06-09T09:28:51","slug":"gaestebuch","status":"publish","type":"page","link":"https:\/\/www.elsflether-schuetzenverein.de\/?page_id=1086","title":{"rendered":"G\u00e4stebuch"},"content":{"rendered":"<h2>Willkommen in unserem G\u00e4stebuch<\/h2>\n<p>hinterlasst gerne einen Eintrag, unsere Moderatoren werden ihn pr\u00fcfen und schnellstm\u00f6glich freigeben.<\/p>\n\n<div class=\"gwolle-gb\"><div class=\"gwolle-gb-messages-top-container\"><\/div>\n\t\t\t<div class=\"gwolle-gb-write-button\">\n\t\t\t\t<input type=\"button\" name=\"gwolle-gb-write-button\" class=\"button btn btn-default \" value=\"Neuen Eintrag schreiben\" aria-expanded=\"false\" \/>\n\t\t\t<\/div>\n\t\t\t<form action=\"#\" method=\"POST\" class=\"gwolle-gb-write gwolle-gb-hide gwolle-gb-float gwolle-gb-form-ajax gwolle-gb-ajax gwolle-gb-not-logged-in\">\n\t\t\t\t<h3>Einen neuen Eintrag f\u00fcr das G\u00e4stebuch schreiben<\/h3>\n\t\t\t\t<button type=\"button\" class=\"gb-notice-dismiss\">x<span class=\"screen-reader-text\">Dieses Formular ausblenden<\/span><\/button>\n\t\t\t\n\t\t\t\t<input type=\"hidden\" name=\"gwolle_gb_function\" class=\"gwolle_gb_function\" value=\"add_entry\" \/><input type=\"hidden\" name=\"gwolle_gb_book_id\" class=\"gwolle_gb_book_id\" value=\"1\" \/><div class=\"gwolle_gb_85d2ca10122f736cd2af70ac37b387e8\">\n\t\t\t\t<div class=\"label\"><label for=\"gwolle_gb_85d2ca10122f736cd2af70ac37b387e8-1\" class=\"text-info\">Name <span class=\"required\">*<\/span><\/label><\/div>\n\t\t\t\t<div class=\"input\"><input class=\"wp-exclude-emoji gwolle_gb_85d2ca10122f736cd2af70ac37b387e8\" value=\"\" type=\"text\" id=\"gwolle_gb_85d2ca10122f736cd2af70ac37b387e8-1\" name=\"gwolle_gb_85d2ca10122f736cd2af70ac37b387e8\" required \/><\/div>\n\t\t\t\t<div class=\"clearBoth\">&nbsp;<\/div>\n\t\t\t<\/div><div class=\"gwolle_gb_c62902a6a3e506fbb5404cb89a4f90b2\">\n\t\t\t\t<div class=\"label\"><label for=\"gwolle_gb_c62902a6a3e506fbb5404cb89a4f90b2-1\" class=\"text-info\">E-Mail <span class=\"required\">*<\/span><\/label><\/div>\n\t\t\t\t<div class=\"input\"><input class=\"gwolle_gb_c62902a6a3e506fbb5404cb89a4f90b2\" value=\"\" type=\"email\" id=\"gwolle_gb_c62902a6a3e506fbb5404cb89a4f90b2-1\" name=\"gwolle_gb_c62902a6a3e506fbb5404cb89a4f90b2\" required \/><\/div>\n\t\t\t\t<div class=\"clearBoth\">&nbsp;<\/div>\n\t\t\t<\/div><div class=\"gwolle_gb_1c96042f4c78390dd63f0d038703e9f3\">\n\t\t\t\t<div class=\"label\"><label for=\"gwolle_gb_1c96042f4c78390dd63f0d038703e9f3-1\" class=\"text-info\">Website<\/label><\/div>\n\t\t\t\t<div class=\"input\"><input class=\"gwolle_gb_1c96042f4c78390dd63f0d038703e9f3\" value=\"\" type=\"url\" id=\"gwolle_gb_1c96042f4c78390dd63f0d038703e9f3-1\" name=\"gwolle_gb_1c96042f4c78390dd63f0d038703e9f3\" \/><\/div>\n\t\t\t\t<div class=\"clearBoth\">&nbsp;<\/div>\n\t\t\t<\/div>\n\t\t\t<div class=\"gwolle_gb_85fdd55924d51a29bd6c045f0dab35b0\" style=\"display:none;overflow:hidden;\" hidden=\"true\" aria-hidden=\"true\">\n\t\t\t\t<div class=\"label\">\n\t\t\t\t\t<label for=\"gwolle_gb_85fdd55924d51a29bd6c045f0dab35b0-1\" class=\"text-primary\">Hier nichts eingeben<\/label>\n\t\t\t\t\t<label for=\"gwolle_gb_2990cfe60967ccc77b4bc4332eff2628-1\" class=\"text-primary\">Hier nichts eingeben<\/label>\n\t\t\t\t<\/div>\n\t\t\t\t<div class=\"input\">\n\t\t\t\t\t<input value=\"18\" type=\"text\" id=\"gwolle_gb_85fdd55924d51a29bd6c045f0dab35b0-1\" name=\"gwolle_gb_85fdd55924d51a29bd6c045f0dab35b0\" class=\"gwolle_gb_85fdd55924d51a29bd6c045f0dab35b0\" style=\"transform: translateY(10000px);\" \/>\n\t\t\t\t\t<input value=\"\" type=\"text\" name=\"gwolle_gb_2990cfe60967ccc77b4bc4332eff2628\" id=\"gwolle_gb_2990cfe60967ccc77b4bc4332eff2628-1\" class=\"gwolle_gb_2990cfe60967ccc77b4bc4332eff2628\" style=\"transform: translateY(10000px);\" \/>\n\t\t\t\t<\/div>\n\t\t\t\t<div class=\"clearBoth\"><\/div>\n\t\t\t<\/div>\n\t\t\t<div class=\"gwolle_gb_3ed7fa8f29046729527545ec0167c320\" style=\"display:none;overflow:hidden;\" hidden=\"true\" aria-hidden=\"true\">\n\t\t\t\t<div class=\"label\">\n\t\t\t\t\t<label for=\"gwolle_gb_3ed7fa8f29046729527545ec0167c320-1\" class=\"text-primary\">Hier nichts eingeben<\/label>\n\t\t\t\t\t<label for=\"gwolle_gb_5cf0bc9bfaac41cccad9226aaf6520e9-1\" class=\"text-primary\">Hier nichts eingeben<\/label>\n\t\t\t\t<\/div>\n\t\t\t\t<div class=\"input\">\n\t\t\t\t\t<input value=\"69153\" type=\"text\" id=\"gwolle_gb_3ed7fa8f29046729527545ec0167c320-1\" name=\"gwolle_gb_3ed7fa8f29046729527545ec0167c320\" class=\"gwolle_gb_3ed7fa8f29046729527545ec0167c320\" style=\"transform: translateY(10000px);\" \/>\n\t\t\t\t\t<input value=\"69153\" type=\"text\"id=\"gwolle_gb_5cf0bc9bfaac41cccad9226aaf6520e9-1\" name=\"gwolle_gb_5cf0bc9bfaac41cccad9226aaf6520e9\" class=\"gwolle_gb_5cf0bc9bfaac41cccad9226aaf6520e9\" style=\"transform: translateY(10000px);\" \/>\n\t\t\t\t<\/div>\n\t\t\t\t<div class=\"clearBoth\"><\/div>\n\t\t\t<\/div><div class=\"gwolle_gb_content\">\n\t\t\t\t<div class=\"label\"><label for=\"gwolle_gb_content-1\" class=\"text-info\">G\u00e4stebucheintrag <span class=\"required\">*<\/span><\/label><\/div>\n\t\t\t\t<div class=\"input\"><textarea id=\"gwolle_gb_content-1\" name=\"gwolle_gb_content\" class=\"gwolle_gb_content wp-exclude-emoji\" required ><\/textarea><\/div>\n\t\t\t\t\t<div class=\"clearBoth\">&nbsp;<\/div>\n\t\t\t\t<\/div><input type=\"hidden\" class=\"gwolle_gb_86dfc0e0013ac95b40bfe55b9d8d7ec7\" id=\"gwolle_gb_86dfc0e0013ac95b40bfe55b9d8d7ec7-1\" name=\"gwolle_gb_86dfc0e0013ac95b40bfe55b9d8d7ec7\" value=\"fd4aa2b1c0\" \/>\n\t\t\t<div class=\"gwolle-gb-messages-bottom-container\"><\/div>\n\n\t\t\t<noscript><div class=\"no-js\">Warnung: Dieses Formular kann nur verwendet werden, wenn in deinem Browser JavaScript aktiviert ist.<\/div><\/noscript>\n\n\t\t\t<div class=\"gwolle_gb_submit gwolle-gb-submit\">\n\t\t\t\t<div class=\"label gwolle-gb-invisible text-muted\">&nbsp;<\/div>\n\t\t\t\t<div class=\"input\">\n\t\t\t\t\t<input type=\"submit\" name=\"gwolle_gb_submit\" class=\"gwolle_gb_submit button btn btn-primary \" value=\"Absenden\" \/>\n\t\t\t\t\t<span class=\"gwolle_gb_submit_ajax_icon gwolle-gb-submit-ajax-icon\"><\/span>\n\t\t\t\n\t\t\t\t<\/div>\n\t\t\t\t<div class=\"clearBoth\">&nbsp;<\/div>\n\t\t\t<\/div>\n\n\t\t\t<div class=\"gwolle_gb_notice gwolle-gb-notice\">\n\t\t\t\tMit * gekennzeichnete Felder sind erforderlich.<br \/>\r\nDeine E-Mail-Adresse wird nicht ver\u00f6ffentlicht.<br \/>\r\nEs ist m\u00f6glich, dass dein Eintrag im G\u00e4stebuch erst sichtbar ist, nachdem wir ihn \u00fcberpr\u00fcft haben.<br \/>\r\nWir behalten uns vor, Eintr\u00e4ge zu bearbeiten, zu l\u00f6schen oder nicht zu ver\u00f6ffentlichen.\n\t\t\t<\/div><\/form><div class=\"gwolle-gb-read gwolle-gb-ajax gwolle-gb-entries-list\" data-book_id=\"1\" data-page_id=\"1\">\n\t\t<div id=\"gwolle-gb-total\" class=\"gwolle-gb-total\">2 Eintr\u00e4ge<\/div><!-- Gwolle-GB Entry: Default Template Loaded -->\n\t\t\t\t<div class=\"gb-entry gb-entry_4 gb-entry-count_1 gwolle-gb-uneven gwolle-gb-first\" id=\"gb-entry_4\" data-entry_id=\"4\">\n\t\t\t\t<article>\n\t\t\t\t\t<div class=\"gb-author-info\">\n\t\t\t\t\t\t<span class=\"gb-author-name\">Karola Jathe-Warning u. Dieter Jathe\n\t\t\t\t\t\t<\/span>\n\t\t\t\t\t\t<span class=\"gb-datetime\">\n\t\t\t\t\t\t\t<span class=\"gb-date\"><span class=\"gb-date-wrote-text\"> schrieb am<\/span><span class=\"gb-date-text\"> 08\/06\/2025<\/span>\n\t\t\t\t\t\t\t<\/span><span class=\"gb-time\">\n\t\t\t\t\t\t\t\t\t<span class=\"gb-time-at-text\"> um<\/span>\n\t\t\t\t\t\t\t\t\t<span class=\"gb-time-text\"> 16:00<\/span>\n\t\t\t\t\t\t\t\t<\/span>\n\t\t\t\t\t\t<\/span> \n\t\t\t\t\t<\/div>\n\t\t\t\t\t<div class=\"gb-entry-content\">Herzlichen Gl\u00fcckwunsch zum neuen Internetauftritt und den vielen sportlichen Erfolgen. Liebe Gr\u00fc\u00dfe aus Lemwerder Karola und Dieter.\n\t\t\t\t\t<\/div>\n\t\t\t\t<\/article>\n\t\t\t<\/div>\n\t\t\t<div class=\"gb-entry gb-entry_3 gb-entry-count_2 gwolle-gb-even\" id=\"gb-entry_3\" data-entry_id=\"3\">\n\t\t\t\t<article>\n\t\t\t\t\t<div class=\"gb-author-info\">\n\t\t\t\t\t\t<span class=\"gb-author-name\"><a href=\"http:\/\/www.familie-spille.de\" target=\"_blank\" rel=\"nofollow noopener noreferrer\"\n\t\t\t\t\t\t\ttitle=\"Besuche die Website von Jens Spille: http:\/\/www.familie-spille.de\"><i class=\"gb-moderator\">Jens Spille<\/i><\/a>\n\t\t\t\t\t\t<\/span>\n\t\t\t\t\t\t<span class=\"gb-datetime\">\n\t\t\t\t\t\t\t<span class=\"gb-date\"><span class=\"gb-date-wrote-text\"> schrieb am<\/span><span class=\"gb-date-text\"> 12\/05\/2025<\/span>\n\t\t\t\t\t\t\t<\/span><span class=\"gb-time\">\n\t\t\t\t\t\t\t\t\t<span class=\"gb-time-at-text\"> um<\/span>\n\t\t\t\t\t\t\t\t\t<span class=\"gb-time-text\"> 19:34<\/span>\n\t\t\t\t\t\t\t\t<\/span>\n\t\t\t\t\t\t<\/span> \n\t\t\t\t\t<\/div>\n\t\t\t\t\t<div class=\"gb-entry-content\">Hallo,\n\ndies ist ein Testeintrag f\u00fcr das G\u00e4stebuch.\n\nGru\u00df\nJens\n\t\t\t\t\t<\/div>\n\t\t\t\t<\/article>\n\t\t\t<\/div>\n\t\t\t<\/div><\/div>\n","protected":false},"excerpt":{"rendered":"<p>Willkommen in unserem G\u00e4stebuch hinterlasst gerne einen Eintrag, unsere Moderatoren werden ihn pr\u00fcfen und schnellstm\u00f6glich freigeben.<\/p>\n","protected":false},"author":1,"featured_media":0,"parent":0,"menu_order":6,"comment_status":"closed","ping_status":"closed","template":"","meta":{"footnotes":""},"class_list":["post-1086","page","type-page","status-publish","hentry"],"_links":{"self":[{"href":"https:\/\/www.elsflether-schuetzenverein.de\/index.php?rest_route=\/wp\/v2\/pages\/1086","targetHints":{"allow":["GET"]}}],"collection":[{"href":"https:\/\/www.elsflether-schuetzenverein.de\/index.php?rest_route=\/wp\/v2\/pages"}],"about":[{"href":"https:\/\/www.elsflether-schuetzenverein.de\/index.php?rest_route=\/wp\/v2\/types\/page"}],"author":[{"embeddable":true,"href":"https:\/\/www.elsflether-schuetzenverein.de\/index.php?rest_route=\/wp\/v2\/users\/1"}],"replies":[{"embeddable":true,"href":"https:\/\/www.elsflether-schuetzenverein.de\/index.php?rest_route=%2Fwp%2Fv2%2Fcomments&post=1086"}],"version-history":[{"count":4,"href":"https:\/\/www.elsflether-schuetzenverein.de\/index.php?rest_route=\/wp\/v2\/pages\/1086\/revisions"}],"predecessor-version":[{"id":1092,"href":"https:\/\/www.elsflether-schuetzenverein.de\/index.php?rest_route=\/wp\/v2\/pages\/1086\/revisions\/1092"}],"wp:attachment":[{"href":"https:\/\/www.elsflether-schuetzenverein.de\/index.php?rest_route=%2Fwp%2Fv2%2Fmedia&parent=1086"}],"curies":[{"name":"wp","href":"https:\/\/api.w.org\/{rel}","templated":true}]}}